{"id":651,"date":"2017-05-08T08:41:34","date_gmt":"2017-05-08T12:41:34","guid":{"rendered":"http:\/\/mccdemosite1.devsiteurl.com\/career-services\/?page_id=651"},"modified":"2017-09-13T13:09:24","modified_gmt":"2017-09-13T17:09:24","slug":"paid-internships","status":"publish","type":"page","link":"https:\/\/mccdemosite1.devsiteurl.com\/career-services\/co-op\/paid-internships\/","title":{"rendered":"Paid Internships For MCC Students"},"content":{"rendered":"<h2>\u00a0Quick Facts For Students<\/h2>\n<ul>\n<li>Awards are available for up to 1,000 students state-wide on a first-come, first-served basis.<\/li>\n<li>Internships must be in one of New Jersey\u2019s key industries: Advanced Manufacturing; Construction &amp; Utilities; Financial Services; Health Care; Life Sciences; Retail, Hospitality &amp; Tourism; Technology; or Transportation, Logistics &amp; Distribution.<\/li>\n<li>Student interns must be enrolled in classes at MCC and\u00a0meet internship eligibility requirements.<\/li>\n<li>MCC students start by registering in CCN, our online jobs database. All internships and job opportunities shared with Career Services are posted in CCN (see <strong><span style=\"color: #539ae0\">Find A Job<\/span><\/strong> section on the main Career Services page <a href=\"http:\/\/mccdemosite1.devsiteurl.com\/career-services\/\">here<\/a>).<\/li>\n<li>This opportunity is made possible by the <em>Many Paths, One Future<\/em> Internship Grant program created by the New Jersey Department of Labor &amp; Workforce Development.<\/li>\n<\/ul>\n<h3>To Apply:<\/h3>\n<ul>\n<li>Students interested in finding an internship\u00a0should review the information provided here. <\/li>\n<li>If you already have an internship or an interview for one and it&#8217;s in one of the key industries, please call Career Services at 732.906.2595 to schedule an appointment and\/or pick up paperwork for both you and your supervisor to complete. Once completed, return the paperwork to Career Services. <\/li>\n<li>Haven&#8217;t located an internship yet?<\/li>\n<ol>\n<li>Start by registering in CCN (see above) and review job\/internship listings posted there.<\/li>\n<li>Review your r\u00e9sum\u00e9. Is it good to go? If not, head over to CareerCoach <a href=\"https:\/\/middlesexcc.emsicareercoach.com\/\">https:\/\/middlesexcc.emsicareercoach.com\/<\/a> and access the R\u00e9sum\u00e9 Builder to create your r\u00e9sum\u00e9. You should also upload it into CCN so you can easily send it to employers who have posted positions in CCN.<\/li>\n<li>If you would like additional assistance preparing your r\u00e9sum\u00e9, call 732.906.2595 to schedule an appointment. You must bring your draft r\u00e9sum\u00e9 along with you when you come in.<\/li>\n<\/ol>\n<\/ul>\n<hr \/>\n<h2>Quick Facts For\u00a0Employers<\/h2>\n<ul>\n<li>The <em>Many Paths, One Future<\/em> Internship Grant program <strong>will reimburse employers 50% of wages paid<\/strong> to new interns, up to $1,500 per student.<\/li>\n<li>Internships must be in one of New Jersey\u2019s key industries: Advanced Manufacturing; Construction &amp; Utilities; Financial Services; Health Care; Life Sciences; Retail, Hospitality &amp; Tourism; Technology; or Transportation, Logistics &amp; Distribution.<\/li>\n<\/ul>\n<h3><a href=\"http:\/\/mccdemosite1.devsiteurl.com\/career-services\/wp-content\/uploads\/sites\/6\/2017\/05\/EmployerAgreement.pdf\" target=\"_blank\" rel=\"noopener noreferrer\"><img loading=\"lazy\" decoding=\"async\" class=\"alignright size-full wp-image-660\" src=\"http:\/\/mccdemosite1.devsiteurl.com\/career-services\/wp-content\/uploads\/sites\/6\/2017\/05\/EmployerAgreementimg.jpg\" alt=\"\" width=\"121\" height=\"150\" \/><\/a>To Apply:<\/h3>\n<ul>\n<li>Employers with internship opportunities of any kind should post them in our online job search database, CCN, <a href=\"https:\/\/www.collegecentral.com\/mcc\/\">https:\/\/www.collegecentral.com\/mcc\/<\/a><\/li>\n<li>If you have questions about the grant or\u00a0working with MCC, please contact\u00a0Charlotte Quigley at CQuigley@middlesexcc.edu or call 732.906.2595.<\/li>\n<li>Please note that the application to the State to request a refund of 50% wages paid to your new intern\u00a0must be\u00a0filed on your behalf\u00a0by MCC after you have hired one of our students.<\/li>\n<li>Click on the thumbnail image to review the Application and Terms of Agreement (pdf).<\/li>\n<\/ul>\n<h2><\/h2>\n<hr \/>\n<h2>About Many Paths, One Future<\/h2>\n<p>Many Paths, One Future is a collaborative initiative between the New Jersey Department of Labor and Workforce Development, the New Jersey Department of Education, and the Office of Higher Education. The shared goal of these three agencies is to ensure that 65% of adults in New Jersey have a post-secondary degree or industry-valued credential by 2025. Currently, only 52% of the workforce meets that criteria.<\/p>\n<p>As part of the Many Paths, One Future initiative, the New Jersey Department of Labor and Workforce Development commits to invest $1.5 million to assist high school and college students in obtaining paid internships.<\/p>\n<h3>For more information, email\u00a0Charlotte Quigley\u00a0at\u00a0cquigley@middlesexcc.edu.<\/h3>\n","protected":false},"excerpt":{"rendered":"<p>\u00a0Quick Facts For Students Awards are available for up to 1,000 students state-wide on a first-come, first-served basis. Internships must be in one of New Jersey\u2019s key industries: Advanced Manufacturing; Construction &amp; Utilities; Financial Services; Health Care; Life Sciences; Retail, Hospitality &amp; Tourism; Technology; or Transportation, Logistics &amp; Distribution. Student interns must be enrolled in [&hellip;]<\/p>\n","protected":false},"author":1,"featured_media":0,"parent":6,"menu_order":1,"comment_status":"closed","ping_status":"closed","template":"","meta":{"footnotes":""},"class_list":["post-651","page","type-page","status-publish","hentry"],"_links":{"self":[{"href":"https:\/\/mccdemosite1.devsiteurl.com\/career-services\/wp-json\/wp\/v2\/pages\/651","targetHints":{"allow":["GET"]}}],"collection":[{"href":"https:\/\/mccdemosite1.devsiteurl.com\/career-services\/wp-json\/wp\/v2\/pages"}],"about":[{"href":"https:\/\/mccdemosite1.devsiteurl.com\/career-services\/wp-json\/wp\/v2\/types\/page"}],"author":[{"embeddable":true,"href":"https:\/\/mccdemosite1.devsiteurl.com\/career-services\/wp-json\/wp\/v2\/users\/1"}],"replies":[{"embeddable":true,"href":"https:\/\/mccdemosite1.devsiteurl.com\/career-services\/wp-json\/wp\/v2\/comments?post=651"}],"version-history":[{"count":20,"href":"https:\/\/mccdemosite1.devsiteurl.com\/career-services\/wp-json\/wp\/v2\/pages\/651\/revisions"}],"predecessor-version":[{"id":699,"href":"https:\/\/mccdemosite1.devsiteurl.com\/career-services\/wp-json\/wp\/v2\/pages\/651\/revisions\/699"}],"up":[{"embeddable":true,"href":"https:\/\/mccdemosite1.devsiteurl.com\/career-services\/wp-json\/wp\/v2\/pages\/6"}],"wp:attachment":[{"href":"https:\/\/mccdemosite1.devsiteurl.com\/career-services\/wp-json\/wp\/v2\/media?parent=651"}],"curies":[{"name":"wp","href":"https:\/\/api.w.org\/{rel}","templated":true}]}}