{"id":4012,"date":"2017-10-23T10:37:26","date_gmt":"2017-10-23T14:37:26","guid":{"rendered":"http:\/\/mccdemosite1.devsiteurl.com\/mcc-publications\/?page_id=4012"},"modified":"2017-10-23T11:11:59","modified_gmt":"2017-10-23T15:11:59","slug":"notables","status":"publish","type":"page","link":"https:\/\/mccdemosite1.devsiteurl.com\/mcc-publications\/november-2017\/notables\/","title":{"rendered":"Notables"},"content":{"rendered":"<p><strong>Andrew Dzurisin<\/strong>, assistant professor of sociology, was a contributor to an article in \u201cThe New York Times,\u201d \u201cSafest Bet in Sports: Men Complaining about a Female Announcer\u2019s Voice\u201d written by Julie Dicaro published on September 18. Professor Dzurisin also served as a contributor to a previous article written by Ms. Dicaro titled \u201cWhy Twitter Can Be An Ugly Place For Women in Sports Media\u201d published on \u201cSports Illustrated\u2019s\u201d website, SI.com in 2015.<\/p>\n<p><strong>Charlotte Quigley<\/strong>, manager of career services, completed the training and passed the exam and is now a Certified Professional R\u00e9sum\u00e9 Writer (CPRW) as certified by the Professional Association of R\u00e9sum\u00e9 Writers and Career Coaches (PARWCC).<\/p>\n<div  class='intense row ' style='padding-top: 30px; padding-bottom: 0px; margin-top: 0px; margin-bottom: 0px; '>\n<div class='intense col-lg-6 col-xs-12 col-sm-12 col-md-6 '>\n<img loading=\"lazy\" decoding=\"async\" class=\"wp-image-3662\" src=\"http:\/\/mccdemosite1.devsiteurl.com\/mcc-publications\/wp-content\/uploads\/sites\/98\/2017\/10\/063A3265-23.jpg\" alt=\"\" width=\"488\" height=\"320\" \/><\/p>\n<p>Health and Safety Day brought dozens of human service and safety agencies to campus to help students, faculty and staff learn about how to make their lives healthier. The day included a visit by the children in the College Child Care Center, who learned about fire safety from the Edison Fire Department. From left: Edison Firefighter Anthony Tumminelli, Dominick Durrenberger, Firefighter Dan Maurath, Arianna Keeley, and Ethan and Jaylen Anderson.<\/p>\n<\/div>\n<div class='intense col-lg-6 col-xs-12 col-sm-12 col-md-6 '>\n<img loading=\"lazy\" decoding=\"async\" class=\"size-full wp-image-3658\" src=\"http:\/\/mccdemosite1.devsiteurl.com\/mcc-publications\/wp-content\/uploads\/sites\/98\/2015\/11\/IMG_8895-2.jpg\" alt=\"\" width=\"504\" height=\"326\" \/><br \/>\nDental Hygiene students attended the David Nasto Oral Cancer Screening\/Walk\/Run to Raise Awareness at Perona Farms in Andover, NJ. Lynn Tobin, MCC faculty and dental hygiene club advisor, attended with the students. The 23 participants raised $695.<br \/>\n<\/div>\n<\/div>\n<div  class='intense row ' style='padding-top: 30px; padding-bottom: 0px; margin-top: 0px; margin-bottom: 0px; '>\n<div class='intense col-lg-6 col-xs-12 col-sm-12 col-md-6 '>\n<img loading=\"lazy\" decoding=\"async\" class=\"size-full wp-image-3659\" src=\"http:\/\/mccdemosite1.devsiteurl.com\/mcc-publications\/wp-content\/uploads\/sites\/98\/2015\/11\/ec3-2.jpg\" alt=\"\" width=\"504\" height=\"342\" \/><br \/>\nChristian Cuison \u201917 received the Edison Chamber of Commerce Annamae Baerenbach Scholarship and was honored at the chamber\u2019s annual dinner meeting in October. Mr. Cuison, who transferred to Rutgers, is shown with Professor Steven Zale.<br \/>\n<\/div>\n<div class='intense col-lg-6 col-xs-12 col-sm-12 col-md-6 '>\n<p><img loading=\"lazy\" decoding=\"async\" class=\"size-full wp-image-3657\" src=\"http:\/\/mccdemosite1.devsiteurl.com\/mcc-publications\/wp-content\/uploads\/sites\/98\/2015\/11\/animation1-2.jpg\" alt=\"\" width=\"504\" height=\"342\" \/><br \/>\nTwo MCC students who served as volunteers at SIGGRAPH (Special Interest Group on Computer GRAPHics and Interactive Techniques) returned to MCC to speak about their experience. The conference, held in Los Angeles, was attended by tens of thousands of computer professionals. Eric Campos (left) and Kevin Flores also autographed a poster made of the \u201cThis Month at Middlesex\u201d story about their trip. Mr. Flores has since been accepted to volunteer at SIGGRAPH Asia, which will be held in Thailand.<\/p>\n<\/div>\n<\/div>\n","protected":false},"excerpt":{"rendered":"<p>Andrew Dzurisin, assistant professor of sociology, was a contributor to an article in \u201cThe New York Times,\u201d \u201cSafest Bet in Sports: Men Complaining about a Female Announcer\u2019s Voice\u201d written by Julie Dicaro published on September 18. Professor Dzurisin also served as a contributor to a previous article written by Ms. Dicaro titled \u201cWhy Twitter Can [&hellip;]<\/p>\n","protected":false},"author":49,"featured_media":0,"parent":3998,"menu_order":4,"comment_status":"closed","ping_status":"closed","template":"","meta":{"footnotes":""},"class_list":["post-4012","page","type-page","status-publish","hentry"],"_links":{"self":[{"href":"https:\/\/mccdemosite1.devsiteurl.com\/mcc-publications\/wp-json\/wp\/v2\/pages\/4012","targetHints":{"allow":["GET"]}}],"collection":[{"href":"https:\/\/mccdemosite1.devsiteurl.com\/mcc-publications\/wp-json\/wp\/v2\/pages"}],"about":[{"href":"https:\/\/mccdemosite1.devsiteurl.com\/mcc-publications\/wp-json\/wp\/v2\/types\/page"}],"author":[{"embeddable":true,"href":"https:\/\/mccdemosite1.devsiteurl.com\/mcc-publications\/wp-json\/wp\/v2\/users\/49"}],"replies":[{"embeddable":true,"href":"https:\/\/mccdemosite1.devsiteurl.com\/mcc-publications\/wp-json\/wp\/v2\/comments?post=4012"}],"version-history":[{"count":4,"href":"https:\/\/mccdemosite1.devsiteurl.com\/mcc-publications\/wp-json\/wp\/v2\/pages\/4012\/revisions"}],"predecessor-version":[{"id":4022,"href":"https:\/\/mccdemosite1.devsiteurl.com\/mcc-publications\/wp-json\/wp\/v2\/pages\/4012\/revisions\/4022"}],"up":[{"embeddable":true,"href":"https:\/\/mccdemosite1.devsiteurl.com\/mcc-publications\/wp-json\/wp\/v2\/pages\/3998"}],"wp:attachment":[{"href":"https:\/\/mccdemosite1.devsiteurl.com\/mcc-publications\/wp-json\/wp\/v2\/media?parent=4012"}],"curies":[{"name":"wp","href":"https:\/\/api.w.org\/{rel}","templated":true}]}}