{"id":29,"date":"2015-03-14T06:30:41","date_gmt":"2015-03-14T06:30:41","guid":{"rendered":"http:\/\/mccdemosite1.devsiteurl.com\/perth-amboy-center\/?page_id=29"},"modified":"2015-03-14T08:12:53","modified_gmt":"2015-03-14T08:12:53","slug":"programa-de-preparacion-para-empleo","status":"publish","type":"page","link":"https:\/\/mccdemosite1.devsiteurl.com\/perth-amboy-center\/portada-en-espanol\/programa-de-preparacion-para-empleo\/","title":{"rendered":"Programa de Preparaci\u00f3n para Empleo"},"content":{"rendered":"<p>Atrav\u00e9s de fondos prove\u00eddos por La Junta de Inversiones para Empleo del Condado de Middlesex, el Colegio del Condado de Middlesex provee a clientes que reciben asistencia p\u00fablica con las destrezas acad\u00e9micas y destrezas diarias necesarias para ayudarlos a lograr independencia econ\u00f3mica.<\/p>\n<h4>C\u00d3MO MANEJAR SU VIDA Y SU CARRERA<\/h4>\n<p>Este programa est\u00e1 dise\u00f1ado para identificar y bregar con los obst\u00e1culos que individualmente le impiden triunfar. Se le pone un \u00e9nfasis especial a que cada participante identifique sus metas personales, acad\u00e9micas y profesionales. Se enfoca especialmente en los pasos requeridos para comenzar la jornada en que se lleve a cabo estos cambios en sus vidas.<br \/>\nA los participantes se les provee con:<\/p>\n<ol>\n<li>Ex\u00e1menes educativos, de aptitud e intereses personales y el an\u00e1lisis de estos ex\u00e1menes.<\/li>\n<li>Consejer\u00eda vocacional individual.<\/li>\n<li>Exploraci\u00f3n de carreras.<\/li>\n<li>T\u00e9cnicas para aprender a tomar decisiones y desarrollar metas.<\/li>\n<li>Pr\u00e1cticas de como manejar su tiempo.<\/li>\n<li>Aplicaciones para manejar su ira y resolver conflictos.<\/li>\n<li>T\u00e9cnicas para ser un buen padre\/madre.<\/li>\n<li>Introducci\u00f3n al Internet y MS Windows.<\/li>\n<li>T\u00e9cnicas de comunicaci\u00f3n.<\/li>\n<\/ol>\n<p>Un componente integral de este programa es el Proceso de Manejar Casos. Esto conlleva que los empleados de la Junta de Inversiones para Empleo del Condado de Middlesex, la Junta de Servicios Sociales del Condado de Middlesex, el Departamento de Empleo de Nueva Jersey y el Colegio del Condado de Middlesex trabajen juntos en facilitar que cada individuo pueda lograr sus metas y sobrepasar las barreras que le impiden triunfar.<\/p>\n<h4>INICIATIVA DE EMPLEO TEMPRANO<\/h4>\n<p>Este programa est\u00e1 dise\u00f1ado para asistir aquellos individuos que est\u00e1n solicitando asistencia p\u00fablica a poder conseguir empleo antes que recibir ayuda del gobierno. Los empleados del programa mantienen una lista de trabajos que se encuentran disponibles y mantienen contacto con empleadores locales. A los participantes se les provee:<\/p>\n<ol>\n<li>Preparaci\u00f3n de resumenes y t\u00e9cnicas necesarias para hacer una buena entrevista.<\/li>\n<li>Acceso al internet, m\u00e1quina de facs\u00edmil, tel\u00e9fono y otro equipo de oficina necesario para realizar y triunfar en su b\u00fasqueda de empleo.<\/li>\n<\/ol>\n<h4>PROGRAMA DE EXPERIENCIA DE EMPLEO ALTERNATIVO<\/h4>\n<p>Este programa est\u00e1 dise\u00f1ado para proveer aquellas personas que est\u00e1n actualmente recibiendo asistencia p\u00fablica con destrezas acad\u00e9micas, Ingl\u00e9s como Segundo Idioma y conocimientos sobre el \u201cMundo del Trabajo\u201d. Los participantes en este programa reciben medio dia de instrucci\u00f3n acad\u00e9mica dirigida hacia sus necesidades individuales. Adem\u00e1s, cada participante trabaja la mitad del dia en una agencia sin beneficios lucrativos para obtener experiencias de trabajo. El prop\u00f3sito de esto es proveer al participante con h\u00e1bitos de trabajo adecuado, destrezas de trabajo y contactos dentro del sector de empleo. Los participantes son proveidos con:<\/p>\n<ol>\n<li>Lecciones de Matem\u00e1ticas B\u00e1sicas e Ingl\u00e9s.<\/li>\n<li>Preparaci\u00f3n para obtener el Diploma de Educaci\u00f3n General.<\/li>\n<li>Ingl\u00e9s como Segundo Idioma.<\/li>\n<li>B\u00fasqueda de empleo y t\u00e8cnicas para mantener un empleo.<\/li>\n<li>Preparaci\u00f3n de su resumen.<\/li>\n<li>MS Windows e Introducci\u00f3n a MS Word.<\/li>\n<li>Exploraci\u00f3n y planificaci\u00f3n de carreras.<\/li>\n<\/ol>\n","protected":false},"excerpt":{"rendered":"<p>Atrav\u00e9s de fondos prove\u00eddos por La Junta de Inversiones para Empleo del Condado de Middlesex, el Colegio del Condado de Middlesex provee a clientes que reciben asistencia p\u00fablica con las destrezas acad\u00e9micas y destrezas diarias necesarias para ayudarlos a lograr independencia econ\u00f3mica. C\u00d3MO MANEJAR SU VIDA Y SU CARRERA Este programa est\u00e1 dise\u00f1ado para identificar [&hellip;]<\/p>\n","protected":false},"author":1,"featured_media":0,"parent":23,"menu_order":2,"comment_status":"closed","ping_status":"open","template":"","meta":{"footnotes":""},"class_list":["post-29","page","type-page","status-publish","hentry"],"_links":{"self":[{"href":"https:\/\/mccdemosite1.devsiteurl.com\/perth-amboy-center\/wp-json\/wp\/v2\/pages\/29","targetHints":{"allow":["GET"]}}],"collection":[{"href":"https:\/\/mccdemosite1.devsiteurl.com\/perth-amboy-center\/wp-json\/wp\/v2\/pages"}],"about":[{"href":"https:\/\/mccdemosite1.devsiteurl.com\/perth-amboy-center\/wp-json\/wp\/v2\/types\/page"}],"author":[{"embeddable":true,"href":"https:\/\/mccdemosite1.devsiteurl.com\/perth-amboy-center\/wp-json\/wp\/v2\/users\/1"}],"replies":[{"embeddable":true,"href":"https:\/\/mccdemosite1.devsiteurl.com\/perth-amboy-center\/wp-json\/wp\/v2\/comments?post=29"}],"version-history":[{"count":2,"href":"https:\/\/mccdemosite1.devsiteurl.com\/perth-amboy-center\/wp-json\/wp\/v2\/pages\/29\/revisions"}],"predecessor-version":[{"id":45,"href":"https:\/\/mccdemosite1.devsiteurl.com\/perth-amboy-center\/wp-json\/wp\/v2\/pages\/29\/revisions\/45"}],"up":[{"embeddable":true,"href":"https:\/\/mccdemosite1.devsiteurl.com\/perth-amboy-center\/wp-json\/wp\/v2\/pages\/23"}],"wp:attachment":[{"href":"https:\/\/mccdemosite1.devsiteurl.com\/perth-amboy-center\/wp-json\/wp\/v2\/media?parent=29"}],"curies":[{"name":"wp","href":"https:\/\/api.w.org\/{rel}","templated":true}]}}